{"id":16262,"date":"2025-10-01T19:21:52","date_gmt":"2025-10-01T19:21:52","guid":{"rendered":"http:\/\/www.bursaprofil.tr\/?post_type=product&#038;p=16262"},"modified":"2025-10-01T19:25:06","modified_gmt":"2025-10-01T19:25:06","slug":"150x150x4-profil-boyasiz","status":"publish","type":"product","link":"http:\/\/www.bursaprofil.tr\/?product=150x150x4-profil-boyasiz","title":{"rendered":"150X150X4 PROF\u0130L BOYASIZ (S\u0130YAH)"},"content":{"rendered":"<h1 class=\"product_title entry-title\">Boyas\u0131z &amp; Boyal\u0131<\/h1>\n<div class=\"woocommerce-product-details__short-description\">\n<p data-start=\"240\" data-end=\"393\">150\u00d7150 mm kutu profil, en b\u00fcy\u00fck kesitli ta\u015f\u0131y\u0131c\u0131 profillerden biri olup vin\u00e7 yollar\u0131, b\u00fcy\u00fck \u00e7elik kolonlar ve a\u011f\u0131r sanayi yap\u0131 sistemlerinde kullan\u0131l\u0131r.<\/p>\n<\/div>\n","protected":false},"excerpt":{"rendered":"<p>Boyas\u0131z &amp; Boyal\u0131 150\u00d7150 mm kutu profil, en b\u00fcy\u00fck kesitli ta\u015f\u0131y\u0131c\u0131 profillerden biri olup vin\u00e7 yollar\u0131, b\u00fcy\u00fck \u00e7elik kolonlar ve<\/p>\n","protected":false},"featured_media":16258,"template":"","meta":[],"product_cat":[20],"product_tag":[1013,1012,1005,1009,1008,1015,1011,1021,1016,1019,1020,1018,1007,1017,1006,1010,1014,1004,1001,1003,1002],"class_list":{"0":"post-16262","1":"product","2":"type-product","3":"status-publish","4":"has-post-thumbnail","6":"product_cat-kutuprofil","7":"product_tag-150x150x4-kutu-profil-1-boy-fiyati-nedir","8":"product_tag-150x150x4-kutu-profil-1-boy-kac-metre","9":"product_tag-150x150x4-kutu-profil-boy-fiyati-nedir","10":"product_tag-150x150x4-kutu-profil-bursa-fiyat-listesi","11":"product_tag-150x150x4-kutu-profil-en-ucuz-nerede-satilir","12":"product_tag-150x150x4-kutu-profil-en-uygun-fiyat-hangi-firma","13":"product_tag-150x150x4-kutu-profil-fiyati-2025-ne-kadar","14":"product_tag-150x150x4-kutu-profil-fiyati-indirimli-var-mi","15":"product_tag-150x150x4-kutu-profil-fiyati-internette-var-mi","16":"product_tag-150x150x4-kutu-profil-fiyati-istanbul-ve-bursa-karsilastirma","17":"product_tag-150x150x4-kutu-profil-fiyati-nakliye-dahil-mi","18":"product_tag-150x150x4-kutu-profil-fiyatlari-nereden-ogrenilir","19":"product_tag-150x150x4-kutu-profil-guncel-fiyat-listesi","20":"product_tag-150x150x4-kutu-profil-guncel-ton-fiyati-kac-tl","21":"product_tag-150x150x4-kutu-profil-kilosu-kac-para","22":"product_tag-150x150x4-kutu-profil-metre-agirligi-kac-kilo","23":"product_tag-150x150x4-kutu-profil-metre-fiyati-bursa","24":"product_tag-150x150x4-kutu-profil-metre-fiyati-kac-tl","25":"product_tag-150x150x4-mm-icin-etiket-sorulari-buyuk-harf","26":"product_tag-bursa-150x150x4-kutu-profil-nereden-alinir","27":"product_tag-virgullu-150x150x4-mm-kutu-profil-fiyati-ne-kadar","29":"first","30":"instock","31":"shipping-taxable","32":"product-type-simple"},"yoast_head":"<!-- This site is optimized with the Yoast SEO plugin v25.9 - https:\/\/yoast.com\/wordpress\/plugins\/seo\/ -->\n<title>150X150X4 PROF\u0130L BOYASIZ (S\u0130YAH) - BURSA PROF\u0130L<\/title>\n<meta name=\"description\" content=\"40X40X2 KUTU PROF\u0130L\" \/>\n<meta name=\"robots\" content=\"index, follow, max-snippet:-1, max-image-preview:large, max-video-preview:-1\" \/>\n<link rel=\"canonical\" href=\"http:\/\/www.bursaprofil.tr\/?product=150x150x4-profil-boyasiz\" \/>\n<meta property=\"og:locale\" content=\"tr_TR\" \/>\n<meta property=\"og:type\" content=\"article\" \/>\n<meta property=\"og:title\" content=\"150X150X4 PROF\u0130L BOYASIZ (S\u0130YAH) - BURSA PROF\u0130L\" \/>\n<meta property=\"og:description\" content=\"40X40X2 KUTU PROF\u0130L\" \/>\n<meta property=\"og:url\" content=\"http:\/\/www.bursaprofil.tr\/?product=150x150x4-profil-boyasiz\" \/>\n<meta property=\"og:site_name\" content=\"BURSA PROF\u0130L\" \/>\n<meta property=\"article:modified_time\" content=\"2025-10-01T19:25:06+00:00\" \/>\n<meta property=\"og:image\" content=\"http:\/\/www.bursaprofil.tr\/wp-content\/uploads\/2025\/10\/150X150.png\" \/>\n\t<meta property=\"og:image:width\" content=\"736\" \/>\n\t<meta property=\"og:image:height\" content=\"723\" \/>\n\t<meta property=\"og:image:type\" content=\"image\/png\" \/>\n<meta name=\"twitter:card\" content=\"summary_large_image\" \/>\n<meta name=\"twitter:label1\" content=\"Tahmini okuma s\u00fcresi\" \/>\n\t<meta name=\"twitter:data1\" content=\"1 dakika\" \/>\n<script type=\"application\/ld+json\" class=\"yoast-schema-graph\">{\"@context\":\"https:\/\/schema.org\",\"@graph\":[{\"@type\":\"WebPage\",\"@id\":\"http:\/\/www.bursaprofil.tr\/?product=150x150x4-profil-boyasiz\",\"url\":\"http:\/\/www.bursaprofil.tr\/?product=150x150x4-profil-boyasiz\",\"name\":\"150X150X4 PROF\u0130L BOYASIZ (S\u0130YAH) - BURSA PROF\u0130L\",\"isPartOf\":{\"@id\":\"http:\/\/www.bursaprofil.tr\/#website\"},\"primaryImageOfPage\":{\"@id\":\"http:\/\/www.bursaprofil.tr\/?product=150x150x4-profil-boyasiz#primaryimage\"},\"image\":{\"@id\":\"http:\/\/www.bursaprofil.tr\/?product=150x150x4-profil-boyasiz#primaryimage\"},\"thumbnailUrl\":\"http:\/\/www.bursaprofil.tr\/wp-content\/uploads\/2025\/10\/150X150.png\",\"datePublished\":\"2025-10-01T19:21:52+00:00\",\"dateModified\":\"2025-10-01T19:25:06+00:00\",\"description\":\"40X40X2 KUTU PROF\u0130L\",\"breadcrumb\":{\"@id\":\"http:\/\/www.bursaprofil.tr\/?product=150x150x4-profil-boyasiz#breadcrumb\"},\"inLanguage\":\"tr\",\"potentialAction\":[{\"@type\":\"ReadAction\",\"target\":[\"http:\/\/www.bursaprofil.tr\/?product=150x150x4-profil-boyasiz\"]}]},{\"@type\":\"ImageObject\",\"inLanguage\":\"tr\",\"@id\":\"http:\/\/www.bursaprofil.tr\/?product=150x150x4-profil-boyasiz#primaryimage\",\"url\":\"http:\/\/www.bursaprofil.tr\/wp-content\/uploads\/2025\/10\/150X150.png\",\"contentUrl\":\"http:\/\/www.bursaprofil.tr\/wp-content\/uploads\/2025\/10\/150X150.png\",\"width\":736,\"height\":723},{\"@type\":\"BreadcrumbList\",\"@id\":\"http:\/\/www.bursaprofil.tr\/?product=150x150x4-profil-boyasiz#breadcrumb\",\"itemListElement\":[{\"@type\":\"ListItem\",\"position\":1,\"name\":\"Home\",\"item\":\"http:\/\/www.bursaprofil.tr\/\"},{\"@type\":\"ListItem\",\"position\":2,\"name\":\"BURSAPROF\u0130L\u00ae Online Ma\u011faza\",\"item\":\"http:\/\/www.bursaprofil.tr\/?page_id=47\"},{\"@type\":\"ListItem\",\"position\":3,\"name\":\"150X150X4 PROF\u0130L BOYASIZ (S\u0130YAH)\"}]},{\"@type\":\"WebSite\",\"@id\":\"http:\/\/www.bursaprofil.tr\/#website\",\"url\":\"http:\/\/www.bursaprofil.tr\/\",\"name\":\"BURSA PROF\u0130L\",\"description\":\"TOPTAN VE PERAKENDE PROF\u0130L SATI\u015eI\",\"publisher\":{\"@id\":\"http:\/\/www.bursaprofil.tr\/#organization\"},\"potentialAction\":[{\"@type\":\"SearchAction\",\"target\":{\"@type\":\"EntryPoint\",\"urlTemplate\":\"http:\/\/www.bursaprofil.tr\/?s={search_term_string}\"},\"query-input\":{\"@type\":\"PropertyValueSpecification\",\"valueRequired\":true,\"valueName\":\"search_term_string\"}}],\"inLanguage\":\"tr\"},{\"@type\":\"Organization\",\"@id\":\"http:\/\/www.bursaprofil.tr\/#organization\",\"name\":\"BURSA PROF\u0130L\",\"url\":\"http:\/\/www.bursaprofil.tr\/\",\"logo\":{\"@type\":\"ImageObject\",\"inLanguage\":\"tr\",\"@id\":\"http:\/\/www.bursaprofil.tr\/#\/schema\/logo\/image\/\",\"url\":\"http:\/\/www.bursaprofil.tr\/wp-content\/uploads\/2024\/10\/dikdortgen-kutu-profil-agirlik-tablosu.jpg\",\"contentUrl\":\"http:\/\/www.bursaprofil.tr\/wp-content\/uploads\/2024\/10\/dikdortgen-kutu-profil-agirlik-tablosu.jpg\",\"width\":500,\"height\":331,\"caption\":\"BURSA PROF\u0130L\"},\"image\":{\"@id\":\"http:\/\/www.bursaprofil.tr\/#\/schema\/logo\/image\/\"}}]}<\/script>\n<!-- \/ Yoast SEO plugin. -->","yoast_head_json":{"title":"150X150X4 PROF\u0130L BOYASIZ (S\u0130YAH) - BURSA PROF\u0130L","description":"40X40X2 KUTU PROF\u0130L","robots":{"index":"index","follow":"follow","max-snippet":"max-snippet:-1","max-image-preview":"max-image-preview:large","max-video-preview":"max-video-preview:-1"},"canonical":"http:\/\/www.bursaprofil.tr\/?product=150x150x4-profil-boyasiz","og_locale":"tr_TR","og_type":"article","og_title":"150X150X4 PROF\u0130L BOYASIZ (S\u0130YAH) - BURSA PROF\u0130L","og_description":"40X40X2 KUTU PROF\u0130L","og_url":"http:\/\/www.bursaprofil.tr\/?product=150x150x4-profil-boyasiz","og_site_name":"BURSA PROF\u0130L","article_modified_time":"2025-10-01T19:25:06+00:00","og_image":[{"width":736,"height":723,"url":"http:\/\/www.bursaprofil.tr\/wp-content\/uploads\/2025\/10\/150X150.png","type":"image\/png"}],"twitter_card":"summary_large_image","twitter_misc":{"Tahmini okuma s\u00fcresi":"1 dakika"},"schema":{"@context":"https:\/\/schema.org","@graph":[{"@type":"WebPage","@id":"http:\/\/www.bursaprofil.tr\/?product=150x150x4-profil-boyasiz","url":"http:\/\/www.bursaprofil.tr\/?product=150x150x4-profil-boyasiz","name":"150X150X4 PROF\u0130L BOYASIZ (S\u0130YAH) - BURSA PROF\u0130L","isPartOf":{"@id":"http:\/\/www.bursaprofil.tr\/#website"},"primaryImageOfPage":{"@id":"http:\/\/www.bursaprofil.tr\/?product=150x150x4-profil-boyasiz#primaryimage"},"image":{"@id":"http:\/\/www.bursaprofil.tr\/?product=150x150x4-profil-boyasiz#primaryimage"},"thumbnailUrl":"http:\/\/www.bursaprofil.tr\/wp-content\/uploads\/2025\/10\/150X150.png","datePublished":"2025-10-01T19:21:52+00:00","dateModified":"2025-10-01T19:25:06+00:00","description":"40X40X2 KUTU PROF\u0130L","breadcrumb":{"@id":"http:\/\/www.bursaprofil.tr\/?product=150x150x4-profil-boyasiz#breadcrumb"},"inLanguage":"tr","potentialAction":[{"@type":"ReadAction","target":["http:\/\/www.bursaprofil.tr\/?product=150x150x4-profil-boyasiz"]}]},{"@type":"ImageObject","inLanguage":"tr","@id":"http:\/\/www.bursaprofil.tr\/?product=150x150x4-profil-boyasiz#primaryimage","url":"http:\/\/www.bursaprofil.tr\/wp-content\/uploads\/2025\/10\/150X150.png","contentUrl":"http:\/\/www.bursaprofil.tr\/wp-content\/uploads\/2025\/10\/150X150.png","width":736,"height":723},{"@type":"BreadcrumbList","@id":"http:\/\/www.bursaprofil.tr\/?product=150x150x4-profil-boyasiz#breadcrumb","itemListElement":[{"@type":"ListItem","position":1,"name":"Home","item":"http:\/\/www.bursaprofil.tr\/"},{"@type":"ListItem","position":2,"name":"BURSAPROF\u0130L\u00ae Online Ma\u011faza","item":"http:\/\/www.bursaprofil.tr\/?page_id=47"},{"@type":"ListItem","position":3,"name":"150X150X4 PROF\u0130L BOYASIZ (S\u0130YAH)"}]},{"@type":"WebSite","@id":"http:\/\/www.bursaprofil.tr\/#website","url":"http:\/\/www.bursaprofil.tr\/","name":"BURSA PROF\u0130L","description":"TOPTAN VE PERAKENDE PROF\u0130L SATI\u015eI","publisher":{"@id":"http:\/\/www.bursaprofil.tr\/#organization"},"potentialAction":[{"@type":"SearchAction","target":{"@type":"EntryPoint","urlTemplate":"http:\/\/www.bursaprofil.tr\/?s={search_term_string}"},"query-input":{"@type":"PropertyValueSpecification","valueRequired":true,"valueName":"search_term_string"}}],"inLanguage":"tr"},{"@type":"Organization","@id":"http:\/\/www.bursaprofil.tr\/#organization","name":"BURSA PROF\u0130L","url":"http:\/\/www.bursaprofil.tr\/","logo":{"@type":"ImageObject","inLanguage":"tr","@id":"http:\/\/www.bursaprofil.tr\/#\/schema\/logo\/image\/","url":"http:\/\/www.bursaprofil.tr\/wp-content\/uploads\/2024\/10\/dikdortgen-kutu-profil-agirlik-tablosu.jpg","contentUrl":"http:\/\/www.bursaprofil.tr\/wp-content\/uploads\/2024\/10\/dikdortgen-kutu-profil-agirlik-tablosu.jpg","width":500,"height":331,"caption":"BURSA PROF\u0130L"},"image":{"@id":"http:\/\/www.bursaprofil.tr\/#\/schema\/logo\/image\/"}}]}},"_links":{"self":[{"href":"http:\/\/www.bursaprofil.tr\/index.php?rest_route=\/wp\/v2\/product\/16262","targetHints":{"allow":["GET"]}}],"collection":[{"href":"http:\/\/www.bursaprofil.tr\/index.php?rest_route=\/wp\/v2\/product"}],"about":[{"href":"http:\/\/www.bursaprofil.tr\/index.php?rest_route=\/wp\/v2\/types\/product"}],"version-history":[{"count":2,"href":"http:\/\/www.bursaprofil.tr\/index.php?rest_route=\/wp\/v2\/product\/16262\/revisions"}],"predecessor-version":[{"id":16264,"href":"http:\/\/www.bursaprofil.tr\/index.php?rest_route=\/wp\/v2\/product\/16262\/revisions\/16264"}],"wp:featuredmedia":[{"embeddable":true,"href":"http:\/\/www.bursaprofil.tr\/index.php?rest_route=\/wp\/v2\/media\/16258"}],"wp:attachment":[{"href":"http:\/\/www.bursaprofil.tr\/index.php?rest_route=%2Fwp%2Fv2%2Fmedia&parent=16262"}],"wp:term":[{"taxonomy":"product_cat","embeddable":true,"href":"http:\/\/www.bursaprofil.tr\/index.php?rest_route=%2Fwp%2Fv2%2Fproduct_cat&post=16262"},{"taxonomy":"product_tag","embeddable":true,"href":"http:\/\/www.bursaprofil.tr\/index.php?rest_route=%2Fwp%2Fv2%2Fproduct_tag&post=16262"}],"curies":[{"name":"wp","href":"https:\/\/api.w.org\/{rel}","templated":true}]}}