{"id":16016,"date":"2025-01-14T20:39:42","date_gmt":"2025-01-14T20:39:42","guid":{"rendered":"http:\/\/www.bursaprofil.tr\/?post_type=product&#038;p=16016"},"modified":"2025-01-28T18:24:13","modified_gmt":"2025-01-28T18:24:13","slug":"16016","status":"publish","type":"product","link":"http:\/\/www.bursaprofil.tr\/?product=16016","title":{"rendered":"KUTU PROF\u0130L"},"content":{"rendered":"<p>Bir\u00e7ok alanda kullan\u0131lan\u00a0<strong>U profil\u00a0<\/strong>bir di\u011fer ad\u0131yla npu profil daha \u00e7ok binalar\u0131n ve \u00e7elik konstr\u00fcksiyonlar\u0131n i\u00e7 k\u0131sm\u0131nda yer alan demirlerdir. Yedek ve yap\u0131 sekt\u00f6r\u00fcndeki geli\u015fmeler asl\u0131nda npu profillere olan ihtiyac\u0131 daha \u00e7ok art\u0131rm\u0131\u015ft\u0131r.<\/p>\n<p>Bununla birlikte\u00a0<strong>U fiyatlar\u0131\u00a0<\/strong>hakk\u0131nda bilgi almak isteyenler do\u011frudan firmam\u0131zla ileti\u015fime ge\u00e7ebilir.<\/p>\n","protected":false},"excerpt":{"rendered":"<p>Bir\u00e7ok alanda kullan\u0131lan\u00a0<strong>U profil\u00a0<\/strong>bir di\u011fer ad\u0131yla npu profil daha \u00e7ok binalar\u0131n ve \u00e7elik konstr\u00fcksiyonlar\u0131n i\u00e7 k\u0131sm\u0131nda yer alan demirlerdir. Yedek ve yap\u0131 sekt\u00f6r\u00fcndeki geli\u015fmeler asl\u0131nda npu profillere olan ihtiyac\u0131 daha \u00e7ok art\u0131rm\u0131\u015ft\u0131r.<\/p>\n<p>Bununla birlikte\u00a0<strong>U fiyatlar\u0131\u00a0<\/strong>hakk\u0131nda bilgi almak isteyenler do\u011frudan firmam\u0131zla ileti\u015fime ge\u00e7ebilir.<\/p>\n","protected":false},"featured_media":16017,"template":"","meta":[],"product_cat":[20],"product_tag":[248,254,253,252,255,251,249,250,246,245,244,247],"class_list":{"0":"post-16016","1":"product","2":"type-product","3":"status-publish","4":"has-post-thumbnail","6":"product_cat-kutuprofil","7":"product_tag-150-lik-u-profil","8":"product_tag-bursa-npu-profil","9":"product_tag-bursa-npu-profil-cesitleri","10":"product_tag-bursa-npu-profiller","11":"product_tag-bursa-u-profil","12":"product_tag-bursa-u-profil-cesitleri","13":"product_tag-u-profil-agirlik","14":"product_tag-u-profil-bursa","15":"product_tag-u-profil-demir","16":"product_tag-u-profil-fiyatlari","17":"product_tag-u-profil-olculeri","18":"product_tag-u-profil-olculeri-ve-fiyatlari","20":"first","21":"instock","22":"shipping-taxable","23":"product-type-simple"},"yoast_head":"<!-- This site is optimized with the Yoast SEO plugin v25.9 - https:\/\/yoast.com\/wordpress\/plugins\/seo\/ -->\n<title>KUTU PROF\u0130L - BURSA PROF\u0130L<\/title>\n<meta name=\"robots\" content=\"index, follow, max-snippet:-1, max-image-preview:large, max-video-preview:-1\" \/>\n<link rel=\"canonical\" href=\"http:\/\/www.bursaprofil.tr\/?product=16016\" \/>\n<meta property=\"og:locale\" content=\"tr_TR\" \/>\n<meta property=\"og:type\" content=\"article\" \/>\n<meta property=\"og:title\" content=\"KUTU PROF\u0130L - BURSA PROF\u0130L\" \/>\n<meta property=\"og:description\" content=\"Bir\u00e7ok alanda kullan\u0131lan\u00a0U profil\u00a0bir di\u011fer ad\u0131yla npu profil daha \u00e7ok binalar\u0131n ve \u00e7elik konstr\u00fcksiyonlar\u0131n i\u00e7 k\u0131sm\u0131nda yer alan demirlerdir. Yedek ve yap\u0131 sekt\u00f6r\u00fcndeki geli\u015fmeler asl\u0131nda npu profillere olan ihtiyac\u0131 daha \u00e7ok art\u0131rm\u0131\u015ft\u0131r.  Bununla birlikte\u00a0U fiyatlar\u0131\u00a0hakk\u0131nda bilgi almak isteyenler do\u011frudan firmam\u0131zla ileti\u015fime ge\u00e7ebilir.\" \/>\n<meta property=\"og:url\" content=\"http:\/\/www.bursaprofil.tr\/?product=16016\" \/>\n<meta property=\"og:site_name\" content=\"BURSA PROF\u0130L\" \/>\n<meta property=\"article:modified_time\" content=\"2025-01-28T18:24:13+00:00\" \/>\n<meta property=\"og:image\" content=\"http:\/\/www.bursaprofil.tr\/wp-content\/uploads\/2025\/01\/NPU.png\" \/>\n\t<meta property=\"og:image:width\" content=\"422\" \/>\n\t<meta property=\"og:image:height\" content=\"360\" \/>\n\t<meta property=\"og:image:type\" content=\"image\/png\" \/>\n<meta name=\"twitter:card\" content=\"summary_large_image\" \/>\n<script type=\"application\/ld+json\" class=\"yoast-schema-graph\">{\"@context\":\"https:\/\/schema.org\",\"@graph\":[{\"@type\":\"WebPage\",\"@id\":\"http:\/\/www.bursaprofil.tr\/?product=16016\",\"url\":\"http:\/\/www.bursaprofil.tr\/?product=16016\",\"name\":\"KUTU PROF\u0130L - BURSA PROF\u0130L\",\"isPartOf\":{\"@id\":\"http:\/\/www.bursaprofil.tr\/#website\"},\"primaryImageOfPage\":{\"@id\":\"http:\/\/www.bursaprofil.tr\/?product=16016#primaryimage\"},\"image\":{\"@id\":\"http:\/\/www.bursaprofil.tr\/?product=16016#primaryimage\"},\"thumbnailUrl\":\"http:\/\/www.bursaprofil.tr\/wp-content\/uploads\/2025\/01\/NPU.png\",\"datePublished\":\"2025-01-14T20:39:42+00:00\",\"dateModified\":\"2025-01-28T18:24:13+00:00\",\"breadcrumb\":{\"@id\":\"http:\/\/www.bursaprofil.tr\/?product=16016#breadcrumb\"},\"inLanguage\":\"tr\",\"potentialAction\":[{\"@type\":\"ReadAction\",\"target\":[\"http:\/\/www.bursaprofil.tr\/?product=16016\"]}]},{\"@type\":\"ImageObject\",\"inLanguage\":\"tr\",\"@id\":\"http:\/\/www.bursaprofil.tr\/?product=16016#primaryimage\",\"url\":\"http:\/\/www.bursaprofil.tr\/wp-content\/uploads\/2025\/01\/NPU.png\",\"contentUrl\":\"http:\/\/www.bursaprofil.tr\/wp-content\/uploads\/2025\/01\/NPU.png\",\"width\":422,\"height\":360,\"caption\":\"BURSA NPU PROF\u0130L \u00c7E\u015e\u0130TLER\u0130\"},{\"@type\":\"BreadcrumbList\",\"@id\":\"http:\/\/www.bursaprofil.tr\/?product=16016#breadcrumb\",\"itemListElement\":[{\"@type\":\"ListItem\",\"position\":1,\"name\":\"Home\",\"item\":\"http:\/\/www.bursaprofil.tr\/\"},{\"@type\":\"ListItem\",\"position\":2,\"name\":\"BURSAPROF\u0130L\u00ae Online Ma\u011faza\",\"item\":\"http:\/\/www.bursaprofil.tr\/?page_id=47\"},{\"@type\":\"ListItem\",\"position\":3,\"name\":\"KUTU PROF\u0130L\"}]},{\"@type\":\"WebSite\",\"@id\":\"http:\/\/www.bursaprofil.tr\/#website\",\"url\":\"http:\/\/www.bursaprofil.tr\/\",\"name\":\"BURSA PROF\u0130L\",\"description\":\"TOPTAN VE PERAKENDE PROF\u0130L SATI\u015eI\",\"publisher\":{\"@id\":\"http:\/\/www.bursaprofil.tr\/#organization\"},\"potentialAction\":[{\"@type\":\"SearchAction\",\"target\":{\"@type\":\"EntryPoint\",\"urlTemplate\":\"http:\/\/www.bursaprofil.tr\/?s={search_term_string}\"},\"query-input\":{\"@type\":\"PropertyValueSpecification\",\"valueRequired\":true,\"valueName\":\"search_term_string\"}}],\"inLanguage\":\"tr\"},{\"@type\":\"Organization\",\"@id\":\"http:\/\/www.bursaprofil.tr\/#organization\",\"name\":\"BURSA PROF\u0130L\",\"url\":\"http:\/\/www.bursaprofil.tr\/\",\"logo\":{\"@type\":\"ImageObject\",\"inLanguage\":\"tr\",\"@id\":\"http:\/\/www.bursaprofil.tr\/#\/schema\/logo\/image\/\",\"url\":\"http:\/\/www.bursaprofil.tr\/wp-content\/uploads\/2024\/10\/dikdortgen-kutu-profil-agirlik-tablosu.jpg\",\"contentUrl\":\"http:\/\/www.bursaprofil.tr\/wp-content\/uploads\/2024\/10\/dikdortgen-kutu-profil-agirlik-tablosu.jpg\",\"width\":500,\"height\":331,\"caption\":\"BURSA PROF\u0130L\"},\"image\":{\"@id\":\"http:\/\/www.bursaprofil.tr\/#\/schema\/logo\/image\/\"}}]}<\/script>\n<!-- \/ Yoast SEO plugin. -->","yoast_head_json":{"title":"KUTU PROF\u0130L - BURSA PROF\u0130L","robots":{"index":"index","follow":"follow","max-snippet":"max-snippet:-1","max-image-preview":"max-image-preview:large","max-video-preview":"max-video-preview:-1"},"canonical":"http:\/\/www.bursaprofil.tr\/?product=16016","og_locale":"tr_TR","og_type":"article","og_title":"KUTU PROF\u0130L - BURSA PROF\u0130L","og_description":"Bir\u00e7ok alanda kullan\u0131lan\u00a0U profil\u00a0bir di\u011fer ad\u0131yla npu profil daha \u00e7ok binalar\u0131n ve \u00e7elik konstr\u00fcksiyonlar\u0131n i\u00e7 k\u0131sm\u0131nda yer alan demirlerdir. Yedek ve yap\u0131 sekt\u00f6r\u00fcndeki geli\u015fmeler asl\u0131nda npu profillere olan ihtiyac\u0131 daha \u00e7ok art\u0131rm\u0131\u015ft\u0131r.  Bununla birlikte\u00a0U fiyatlar\u0131\u00a0hakk\u0131nda bilgi almak isteyenler do\u011frudan firmam\u0131zla ileti\u015fime ge\u00e7ebilir.","og_url":"http:\/\/www.bursaprofil.tr\/?product=16016","og_site_name":"BURSA PROF\u0130L","article_modified_time":"2025-01-28T18:24:13+00:00","og_image":[{"width":422,"height":360,"url":"http:\/\/www.bursaprofil.tr\/wp-content\/uploads\/2025\/01\/NPU.png","type":"image\/png"}],"twitter_card":"summary_large_image","schema":{"@context":"https:\/\/schema.org","@graph":[{"@type":"WebPage","@id":"http:\/\/www.bursaprofil.tr\/?product=16016","url":"http:\/\/www.bursaprofil.tr\/?product=16016","name":"KUTU PROF\u0130L - BURSA PROF\u0130L","isPartOf":{"@id":"http:\/\/www.bursaprofil.tr\/#website"},"primaryImageOfPage":{"@id":"http:\/\/www.bursaprofil.tr\/?product=16016#primaryimage"},"image":{"@id":"http:\/\/www.bursaprofil.tr\/?product=16016#primaryimage"},"thumbnailUrl":"http:\/\/www.bursaprofil.tr\/wp-content\/uploads\/2025\/01\/NPU.png","datePublished":"2025-01-14T20:39:42+00:00","dateModified":"2025-01-28T18:24:13+00:00","breadcrumb":{"@id":"http:\/\/www.bursaprofil.tr\/?product=16016#breadcrumb"},"inLanguage":"tr","potentialAction":[{"@type":"ReadAction","target":["http:\/\/www.bursaprofil.tr\/?product=16016"]}]},{"@type":"ImageObject","inLanguage":"tr","@id":"http:\/\/www.bursaprofil.tr\/?product=16016#primaryimage","url":"http:\/\/www.bursaprofil.tr\/wp-content\/uploads\/2025\/01\/NPU.png","contentUrl":"http:\/\/www.bursaprofil.tr\/wp-content\/uploads\/2025\/01\/NPU.png","width":422,"height":360,"caption":"BURSA NPU PROF\u0130L \u00c7E\u015e\u0130TLER\u0130"},{"@type":"BreadcrumbList","@id":"http:\/\/www.bursaprofil.tr\/?product=16016#breadcrumb","itemListElement":[{"@type":"ListItem","position":1,"name":"Home","item":"http:\/\/www.bursaprofil.tr\/"},{"@type":"ListItem","position":2,"name":"BURSAPROF\u0130L\u00ae Online Ma\u011faza","item":"http:\/\/www.bursaprofil.tr\/?page_id=47"},{"@type":"ListItem","position":3,"name":"KUTU PROF\u0130L"}]},{"@type":"WebSite","@id":"http:\/\/www.bursaprofil.tr\/#website","url":"http:\/\/www.bursaprofil.tr\/","name":"BURSA PROF\u0130L","description":"TOPTAN VE PERAKENDE PROF\u0130L SATI\u015eI","publisher":{"@id":"http:\/\/www.bursaprofil.tr\/#organization"},"potentialAction":[{"@type":"SearchAction","target":{"@type":"EntryPoint","urlTemplate":"http:\/\/www.bursaprofil.tr\/?s={search_term_string}"},"query-input":{"@type":"PropertyValueSpecification","valueRequired":true,"valueName":"search_term_string"}}],"inLanguage":"tr"},{"@type":"Organization","@id":"http:\/\/www.bursaprofil.tr\/#organization","name":"BURSA PROF\u0130L","url":"http:\/\/www.bursaprofil.tr\/","logo":{"@type":"ImageObject","inLanguage":"tr","@id":"http:\/\/www.bursaprofil.tr\/#\/schema\/logo\/image\/","url":"http:\/\/www.bursaprofil.tr\/wp-content\/uploads\/2024\/10\/dikdortgen-kutu-profil-agirlik-tablosu.jpg","contentUrl":"http:\/\/www.bursaprofil.tr\/wp-content\/uploads\/2024\/10\/dikdortgen-kutu-profil-agirlik-tablosu.jpg","width":500,"height":331,"caption":"BURSA PROF\u0130L"},"image":{"@id":"http:\/\/www.bursaprofil.tr\/#\/schema\/logo\/image\/"}}]}},"_links":{"self":[{"href":"http:\/\/www.bursaprofil.tr\/index.php?rest_route=\/wp\/v2\/product\/16016","targetHints":{"allow":["GET"]}}],"collection":[{"href":"http:\/\/www.bursaprofil.tr\/index.php?rest_route=\/wp\/v2\/product"}],"about":[{"href":"http:\/\/www.bursaprofil.tr\/index.php?rest_route=\/wp\/v2\/types\/product"}],"version-history":[{"count":2,"href":"http:\/\/www.bursaprofil.tr\/index.php?rest_route=\/wp\/v2\/product\/16016\/revisions"}],"predecessor-version":[{"id":16019,"href":"http:\/\/www.bursaprofil.tr\/index.php?rest_route=\/wp\/v2\/product\/16016\/revisions\/16019"}],"wp:featuredmedia":[{"embeddable":true,"href":"http:\/\/www.bursaprofil.tr\/index.php?rest_route=\/wp\/v2\/media\/16017"}],"wp:attachment":[{"href":"http:\/\/www.bursaprofil.tr\/index.php?rest_route=%2Fwp%2Fv2%2Fmedia&parent=16016"}],"wp:term":[{"taxonomy":"product_cat","embeddable":true,"href":"http:\/\/www.bursaprofil.tr\/index.php?rest_route=%2Fwp%2Fv2%2Fproduct_cat&post=16016"},{"taxonomy":"product_tag","embeddable":true,"href":"http:\/\/www.bursaprofil.tr\/index.php?rest_route=%2Fwp%2Fv2%2Fproduct_tag&post=16016"}],"curies":[{"name":"wp","href":"https:\/\/api.w.org\/{rel}","templated":true}]}}