{"id":15734,"date":"2024-11-03T15:04:34","date_gmt":"2024-11-03T15:04:34","guid":{"rendered":"http:\/\/www.bursaprofil.tr\/?post_type=product&#038;p=15734"},"modified":"2024-11-03T15:05:55","modified_gmt":"2024-11-03T15:05:55","slug":"dekorasyon-duvar-paneli-ahsap","status":"publish","type":"product","link":"http:\/\/www.bursaprofil.tr\/?product=dekorasyon-duvar-paneli-ahsap","title":{"rendered":"DEKORASYON DUVAR PANEL\u0130 &#8211; AH\u015eAP"},"content":{"rendered":"<p>AH\u015eAP \u00c7ITALAR<\/p>\n<p>ARKA KISIM KE\u00c7EL\u0130<\/p>\n<p>MONTAJI KOLAY<\/p>\n<p>GEN\u0130\u015e \u00d6L\u00c7\u00dcLER<\/p>\n<p>&nbsp;<\/p>\n","protected":false},"excerpt":{"rendered":"<p>AH\u015eAP \u00c7ITALAR<\/p>\n<p>ARKA KISIM KE\u00c7EL\u0130<\/p>\n<p>MONTAJI KOLAY<\/p>\n<p>GEN\u0130\u015e \u00d6L\u00c7\u00dcLER<\/p>\n<p>&nbsp;<\/p>\n","protected":false},"featured_media":15737,"template":"","meta":[],"product_cat":[42],"product_tag":[144,145,146,148,149,104,147],"class_list":{"0":"post-15734","1":"product","2":"type-product","3":"status-publish","4":"has-post-thumbnail","6":"product_cat-insaatmalzemeleri","7":"product_tag-ahsap-duvar-paneli","8":"product_tag-akustik-duvar-paneli","9":"product_tag-akustik-duvar-paneli-bursa","10":"product_tag-akustik-duvar-panelleri","11":"product_tag-bursa-akustik-duvar-paneli","12":"product_tag-bursa-duvar-paneli","13":"product_tag-dekorasyon-panelleri","15":"first","16":"instock","17":"shipping-taxable","18":"purchasable","19":"product-type-simple"},"yoast_head":"<!-- This site is optimized with the Yoast SEO plugin v25.9 - https:\/\/yoast.com\/wordpress\/plugins\/seo\/ -->\n<title>DEKORASYON DUVAR PANEL\u0130 - AH\u015eAP - BURSA PROF\u0130L<\/title>\n<meta name=\"robots\" content=\"index, follow, max-snippet:-1, max-image-preview:large, max-video-preview:-1\" \/>\n<link rel=\"canonical\" href=\"http:\/\/www.bursaprofil.tr\/?product=dekorasyon-duvar-paneli-ahsap\" \/>\n<meta property=\"og:locale\" content=\"tr_TR\" \/>\n<meta property=\"og:type\" content=\"article\" \/>\n<meta property=\"og:title\" content=\"DEKORASYON DUVAR PANEL\u0130 - AH\u015eAP - BURSA PROF\u0130L\" \/>\n<meta property=\"og:description\" content=\"AH\u015eAP \u00c7ITALAR  ARKA KISIM KE\u00c7EL\u0130  MONTAJI KOLAY  GEN\u0130\u015e \u00d6L\u00c7\u00dcLER  &nbsp;\" \/>\n<meta property=\"og:url\" content=\"http:\/\/www.bursaprofil.tr\/?product=dekorasyon-duvar-paneli-ahsap\" \/>\n<meta property=\"og:site_name\" content=\"BURSA PROF\u0130L\" \/>\n<meta property=\"article:modified_time\" content=\"2024-11-03T15:05:55+00:00\" \/>\n<meta property=\"og:image\" content=\"http:\/\/www.bursaprofil.tr\/wp-content\/uploads\/2024\/11\/AKUSTIKPANEL.png\" \/>\n\t<meta property=\"og:image:width\" content=\"588\" \/>\n\t<meta property=\"og:image:height\" content=\"387\" \/>\n\t<meta property=\"og:image:type\" content=\"image\/png\" \/>\n<meta name=\"twitter:card\" content=\"summary_large_image\" \/>\n<script type=\"application\/ld+json\" class=\"yoast-schema-graph\">{\"@context\":\"https:\/\/schema.org\",\"@graph\":[{\"@type\":\"WebPage\",\"@id\":\"http:\/\/www.bursaprofil.tr\/?product=dekorasyon-duvar-paneli-ahsap\",\"url\":\"http:\/\/www.bursaprofil.tr\/?product=dekorasyon-duvar-paneli-ahsap\",\"name\":\"DEKORASYON DUVAR PANEL\u0130 - AH\u015eAP - BURSA PROF\u0130L\",\"isPartOf\":{\"@id\":\"http:\/\/www.bursaprofil.tr\/#website\"},\"primaryImageOfPage\":{\"@id\":\"http:\/\/www.bursaprofil.tr\/?product=dekorasyon-duvar-paneli-ahsap#primaryimage\"},\"image\":{\"@id\":\"http:\/\/www.bursaprofil.tr\/?product=dekorasyon-duvar-paneli-ahsap#primaryimage\"},\"thumbnailUrl\":\"http:\/\/www.bursaprofil.tr\/wp-content\/uploads\/2024\/11\/AKUSTIKPANEL.png\",\"datePublished\":\"2024-11-03T15:04:34+00:00\",\"dateModified\":\"2024-11-03T15:05:55+00:00\",\"breadcrumb\":{\"@id\":\"http:\/\/www.bursaprofil.tr\/?product=dekorasyon-duvar-paneli-ahsap#breadcrumb\"},\"inLanguage\":\"tr\",\"potentialAction\":[{\"@type\":\"ReadAction\",\"target\":[\"http:\/\/www.bursaprofil.tr\/?product=dekorasyon-duvar-paneli-ahsap\"]}]},{\"@type\":\"ImageObject\",\"inLanguage\":\"tr\",\"@id\":\"http:\/\/www.bursaprofil.tr\/?product=dekorasyon-duvar-paneli-ahsap#primaryimage\",\"url\":\"http:\/\/www.bursaprofil.tr\/wp-content\/uploads\/2024\/11\/AKUSTIKPANEL.png\",\"contentUrl\":\"http:\/\/www.bursaprofil.tr\/wp-content\/uploads\/2024\/11\/AKUSTIKPANEL.png\",\"width\":588,\"height\":387},{\"@type\":\"BreadcrumbList\",\"@id\":\"http:\/\/www.bursaprofil.tr\/?product=dekorasyon-duvar-paneli-ahsap#breadcrumb\",\"itemListElement\":[{\"@type\":\"ListItem\",\"position\":1,\"name\":\"Home\",\"item\":\"http:\/\/www.bursaprofil.tr\/\"},{\"@type\":\"ListItem\",\"position\":2,\"name\":\"BURSAPROF\u0130L\u00ae Online Ma\u011faza\",\"item\":\"http:\/\/www.bursaprofil.tr\/?page_id=47\"},{\"@type\":\"ListItem\",\"position\":3,\"name\":\"DEKORASYON DUVAR PANEL\u0130 &#8211; AH\u015eAP\"}]},{\"@type\":\"WebSite\",\"@id\":\"http:\/\/www.bursaprofil.tr\/#website\",\"url\":\"http:\/\/www.bursaprofil.tr\/\",\"name\":\"BURSA PROF\u0130L\",\"description\":\"TOPTAN VE PERAKENDE PROF\u0130L SATI\u015eI\",\"publisher\":{\"@id\":\"http:\/\/www.bursaprofil.tr\/#organization\"},\"potentialAction\":[{\"@type\":\"SearchAction\",\"target\":{\"@type\":\"EntryPoint\",\"urlTemplate\":\"http:\/\/www.bursaprofil.tr\/?s={search_term_string}\"},\"query-input\":{\"@type\":\"PropertyValueSpecification\",\"valueRequired\":true,\"valueName\":\"search_term_string\"}}],\"inLanguage\":\"tr\"},{\"@type\":\"Organization\",\"@id\":\"http:\/\/www.bursaprofil.tr\/#organization\",\"name\":\"BURSA PROF\u0130L\",\"url\":\"http:\/\/www.bursaprofil.tr\/\",\"logo\":{\"@type\":\"ImageObject\",\"inLanguage\":\"tr\",\"@id\":\"http:\/\/www.bursaprofil.tr\/#\/schema\/logo\/image\/\",\"url\":\"http:\/\/www.bursaprofil.tr\/wp-content\/uploads\/2024\/10\/dikdortgen-kutu-profil-agirlik-tablosu.jpg\",\"contentUrl\":\"http:\/\/www.bursaprofil.tr\/wp-content\/uploads\/2024\/10\/dikdortgen-kutu-profil-agirlik-tablosu.jpg\",\"width\":500,\"height\":331,\"caption\":\"BURSA PROF\u0130L\"},\"image\":{\"@id\":\"http:\/\/www.bursaprofil.tr\/#\/schema\/logo\/image\/\"}}]}<\/script>\n<!-- \/ Yoast SEO plugin. -->","yoast_head_json":{"title":"DEKORASYON DUVAR PANEL\u0130 - AH\u015eAP - BURSA PROF\u0130L","robots":{"index":"index","follow":"follow","max-snippet":"max-snippet:-1","max-image-preview":"max-image-preview:large","max-video-preview":"max-video-preview:-1"},"canonical":"http:\/\/www.bursaprofil.tr\/?product=dekorasyon-duvar-paneli-ahsap","og_locale":"tr_TR","og_type":"article","og_title":"DEKORASYON DUVAR PANEL\u0130 - AH\u015eAP - BURSA PROF\u0130L","og_description":"AH\u015eAP \u00c7ITALAR  ARKA KISIM KE\u00c7EL\u0130  MONTAJI KOLAY  GEN\u0130\u015e \u00d6L\u00c7\u00dcLER  &nbsp;","og_url":"http:\/\/www.bursaprofil.tr\/?product=dekorasyon-duvar-paneli-ahsap","og_site_name":"BURSA PROF\u0130L","article_modified_time":"2024-11-03T15:05:55+00:00","og_image":[{"width":588,"height":387,"url":"http:\/\/www.bursaprofil.tr\/wp-content\/uploads\/2024\/11\/AKUSTIKPANEL.png","type":"image\/png"}],"twitter_card":"summary_large_image","schema":{"@context":"https:\/\/schema.org","@graph":[{"@type":"WebPage","@id":"http:\/\/www.bursaprofil.tr\/?product=dekorasyon-duvar-paneli-ahsap","url":"http:\/\/www.bursaprofil.tr\/?product=dekorasyon-duvar-paneli-ahsap","name":"DEKORASYON DUVAR PANEL\u0130 - AH\u015eAP - BURSA PROF\u0130L","isPartOf":{"@id":"http:\/\/www.bursaprofil.tr\/#website"},"primaryImageOfPage":{"@id":"http:\/\/www.bursaprofil.tr\/?product=dekorasyon-duvar-paneli-ahsap#primaryimage"},"image":{"@id":"http:\/\/www.bursaprofil.tr\/?product=dekorasyon-duvar-paneli-ahsap#primaryimage"},"thumbnailUrl":"http:\/\/www.bursaprofil.tr\/wp-content\/uploads\/2024\/11\/AKUSTIKPANEL.png","datePublished":"2024-11-03T15:04:34+00:00","dateModified":"2024-11-03T15:05:55+00:00","breadcrumb":{"@id":"http:\/\/www.bursaprofil.tr\/?product=dekorasyon-duvar-paneli-ahsap#breadcrumb"},"inLanguage":"tr","potentialAction":[{"@type":"ReadAction","target":["http:\/\/www.bursaprofil.tr\/?product=dekorasyon-duvar-paneli-ahsap"]}]},{"@type":"ImageObject","inLanguage":"tr","@id":"http:\/\/www.bursaprofil.tr\/?product=dekorasyon-duvar-paneli-ahsap#primaryimage","url":"http:\/\/www.bursaprofil.tr\/wp-content\/uploads\/2024\/11\/AKUSTIKPANEL.png","contentUrl":"http:\/\/www.bursaprofil.tr\/wp-content\/uploads\/2024\/11\/AKUSTIKPANEL.png","width":588,"height":387},{"@type":"BreadcrumbList","@id":"http:\/\/www.bursaprofil.tr\/?product=dekorasyon-duvar-paneli-ahsap#breadcrumb","itemListElement":[{"@type":"ListItem","position":1,"name":"Home","item":"http:\/\/www.bursaprofil.tr\/"},{"@type":"ListItem","position":2,"name":"BURSAPROF\u0130L\u00ae Online Ma\u011faza","item":"http:\/\/www.bursaprofil.tr\/?page_id=47"},{"@type":"ListItem","position":3,"name":"DEKORASYON DUVAR PANEL\u0130 &#8211; AH\u015eAP"}]},{"@type":"WebSite","@id":"http:\/\/www.bursaprofil.tr\/#website","url":"http:\/\/www.bursaprofil.tr\/","name":"BURSA PROF\u0130L","description":"TOPTAN VE PERAKENDE PROF\u0130L SATI\u015eI","publisher":{"@id":"http:\/\/www.bursaprofil.tr\/#organization"},"potentialAction":[{"@type":"SearchAction","target":{"@type":"EntryPoint","urlTemplate":"http:\/\/www.bursaprofil.tr\/?s={search_term_string}"},"query-input":{"@type":"PropertyValueSpecification","valueRequired":true,"valueName":"search_term_string"}}],"inLanguage":"tr"},{"@type":"Organization","@id":"http:\/\/www.bursaprofil.tr\/#organization","name":"BURSA PROF\u0130L","url":"http:\/\/www.bursaprofil.tr\/","logo":{"@type":"ImageObject","inLanguage":"tr","@id":"http:\/\/www.bursaprofil.tr\/#\/schema\/logo\/image\/","url":"http:\/\/www.bursaprofil.tr\/wp-content\/uploads\/2024\/10\/dikdortgen-kutu-profil-agirlik-tablosu.jpg","contentUrl":"http:\/\/www.bursaprofil.tr\/wp-content\/uploads\/2024\/10\/dikdortgen-kutu-profil-agirlik-tablosu.jpg","width":500,"height":331,"caption":"BURSA PROF\u0130L"},"image":{"@id":"http:\/\/www.bursaprofil.tr\/#\/schema\/logo\/image\/"}}]}},"_links":{"self":[{"href":"http:\/\/www.bursaprofil.tr\/index.php?rest_route=\/wp\/v2\/product\/15734","targetHints":{"allow":["GET"]}}],"collection":[{"href":"http:\/\/www.bursaprofil.tr\/index.php?rest_route=\/wp\/v2\/product"}],"about":[{"href":"http:\/\/www.bursaprofil.tr\/index.php?rest_route=\/wp\/v2\/types\/product"}],"version-history":[{"count":2,"href":"http:\/\/www.bursaprofil.tr\/index.php?rest_route=\/wp\/v2\/product\/15734\/revisions"}],"predecessor-version":[{"id":15736,"href":"http:\/\/www.bursaprofil.tr\/index.php?rest_route=\/wp\/v2\/product\/15734\/revisions\/15736"}],"wp:featuredmedia":[{"embeddable":true,"href":"http:\/\/www.bursaprofil.tr\/index.php?rest_route=\/wp\/v2\/media\/15737"}],"wp:attachment":[{"href":"http:\/\/www.bursaprofil.tr\/index.php?rest_route=%2Fwp%2Fv2%2Fmedia&parent=15734"}],"wp:term":[{"taxonomy":"product_cat","embeddable":true,"href":"http:\/\/www.bursaprofil.tr\/index.php?rest_route=%2Fwp%2Fv2%2Fproduct_cat&post=15734"},{"taxonomy":"product_tag","embeddable":true,"href":"http:\/\/www.bursaprofil.tr\/index.php?rest_route=%2Fwp%2Fv2%2Fproduct_tag&post=15734"}],"curies":[{"name":"wp","href":"https:\/\/api.w.org\/{rel}","templated":true}]}}